 - b = -158. What is the tens digit of ((-11)/(-33))/((-2)/q)?
2
Suppose 4*i + 6*i - 50 = 0. Suppose 3*u - b - 506 = 0, -i*b + 700 = -0*u + 4*u. What is the units digit of u?
0
Suppose 0 = 23*v - 9937 - 11269. What is the hundreds digit of v?
9
Let u be (-1 + -2)*(-1 - -2). Let k(n) = -4*n**3 - 2*n**2 - 2*n - 2. Let b(q) = q**3 - q**2 + q. Let d(m) = u*b(m) - k(m). What is the units digit of d(-5)?
7
Let p = -45 - -47. Let h(c) = c - 3. Let s be h(6). Suppose p*q - 98 = -4*n, -s*n + q + 78 = 4*q. What is the tens digit of n?
2
Suppose -20*a + 25*a = 1580. What is the units digit of a?
6
Let m = -1 - -2. Let h be (-535)/(-15) + m/3. Suppose -10*w + h = -7*w. What is the units digit of w?
2
What is the hundreds digit of ((-18)/(-4))/(10/1340)?
6
Suppose -2*y - m - 56 = -3*y, 5*y + 4*m - 325 = 0. Suppose -69 = -5*n + y. What is the units digit of n?
6
Let n(g) = -g**2 - 11*g + 4. Let c be n(-10). Let j = -25 + c. Let d(s) = -2*s - 6. What is the tens digit of d(j)?
1
Let j(m) = 25*m**2 - 2*m + 91. What is the hundreds digit of j(7)?
3
Let d = -22 - -1286. What is the units digit of d?
4
Suppose 2*w - 193 - 15 = 0. Suppose -w*z - 642 = -106*z. What is the units digit of z?
1
Let r = 31 - 50. Let b = -41 - r. What is the units digit of (2 - 1)*-1*b?
2
Let u(j) = 2*j**2 + 2*j - 9. Let d be u(-3). Suppose d*z - 2772 = -8*z. What is the units digit of z?
2
Suppose -9*o + 8*o + 33 = 0. What is the tens digit of o?
3
Let s(a) = 32*a + 2. Let b be s(5). Suppose 88 = 5*r - b. What is the tens digit of r?
5
Suppose -4*l + 7*l - 948 = -3*i, -1601 = -5*l + 2*i. What is the units digit of l?
9
Let j = -9 + 12. Suppose 4*b = 8*l - j*l - 92, -2*b = -3*l + 56. What is the tens digit of l?
2
Let o = 50 - 48. What is the units digit of o*4/3*21?
6
Let o be 4/(-3)*5025/(-50). Suppose -3*p + o = -73. Suppose 4*b + 3*l - p = 8, -l - 74 = -3*b. What is the tens digit of b?
2
Suppose 12*s - 21*s + 8829 = 0. What is the units digit of s?
1
Let k be -3 - (2 + -1)*-6. Let o be 90/4*(k + -1). Suppose 75 = 5*m + 2*c - c, -5*c = 3*m - o. What is the units digit of m?
5
Suppose 8 = -5*r + 7*r. Suppose -108 = -r*m + m. What is the units digit of m?
6
Suppose 4*c = 5*j + 289, 4*c - 2 = -18. Suppose -3*b = -7*b + 420. Let q = b + j. What is the tens digit of q?
4
Let k = -16 + 96. Suppose s - k = -3*s. What is the units digit of s?
0
Suppose -3*t + 1854 = 339. What is the tens digit of t?
0
Let s(w) = 360*w + 16. What is the hundreds digit of s(2)?
7
Suppose -2*u + 22 = 3*z - 4*u, -4*z + 36 = 4*u. What is the units digit of (-164)/z*(0 - 4)?
2
Let t = 9 - 67. Let l = 131 + t. What is the units digit of l?
3
Suppose 0 = -0*i + 2*i - 140. Let h = i - -36. What is the units digit of h?
6
Suppose -f = -8 - 87. What is the units digit of f?
5
Let w = 41 - 36. Suppose -2*c + 90 = y + c, 450 = w*y + 2*c. What is the tens digit of y?
9
Suppose -o - m + 400 = 0, 5*m - 17 = 8. What is the units digit of o?
5
Let m = 34 - 30. Suppose -3*z + z = m*p - 8, -5*p - 2*z + 12 = 0. Suppose 5*h + p*a - 308 = 0, h - 50 = 8*a - 3*a. What is the units digit of h?
0
Let v = -14 + 17. Let j = v - -1. What is the units digit of (10/j)/(4/8)?
5
Suppose -4*k + 2*k = -5*k. Suppose -8*o = -k*o - 872. What is the hundreds digit of o?
1
Suppose -2*o - 10 = 32. Let y = 19 + o. What is the tens digit of (-4 + 30/(-4))*y?
2
Let i = 818 - 516. What is the hundreds digit of i?
3
What is the units digit of (-15)/((-15)/2) + (-5904)/(-3)?
0
Suppose 2*s = 5*a + 660, 71 + 1205 = 4*s + a. Suppose s + 584 = 4*y. What is the tens digit of y?
2
Let m(t) = -54*t + 81. What is the hundreds digit of m(-19)?
1
Let l(w) = 20*w - 40. What is the units digit of l(29)?
0
Suppose -2*x + 26 + 200 = 0. Suppose x + 1 = 3*h. Let s = h + -25. What is the units digit of s?
3
Let w = 55 - 51. What is the tens digit of (1 - (-330)/9)/(w/12)?
1
Let k(r) be the first derivative of r**3/3 + 4*r**2 + 83*r + 29. What is the units digit of k(0)?
3
Let o be (-3839)/(-55) - 2/(-10). Let g = 105 - o. What is the units digit of g?
5
Suppose 19*p = 8*p + 2475. What is the tens digit of p?
2
Suppose 0 = 232*d - 241*d + 19665. What is the thousands digit of d?
2
Suppose -23*g + 8096 = -15*g. What is the units digit of g?
2
Let b(o) = 43*o**2 - 8*o - 9. Let t be b(-4). Suppose 7*m = 262 + t. What is the units digit of m?
9
Suppose -118*x + 3*v = -116*x - 1415, -x + 5*v = -704. What is the units digit of x?
9
Let z = 44 + -27. Let b = -8 + z. Suppose 35 = 10*n - b*n. What is the tens digit of n?
3
Let t be -2*142/(-12)*-3. What is the units digit of t/(-3)*(-6)/(-2)?
1
Let d(u) = 6 - 4*u**2 - 2*u - 3*u**2 - 4*u**3 + 3*u**3. Let b be -14*((-88)/16)/(-11). What is the tens digit of d(b)?
2
Suppose 1372 = 3*p - 278. What is the hundreds digit of p?
5
Let f(v) be the third derivative of v**4/4 + 14*v**3/3 - 2*v**2. What is the units digit of f(14)?
2
Let v(r) be the third derivative of 19*r**4/24 - 2*r**3 - 10*r**2. What is the units digit of v(5)?
3
Suppose 2 + 2 = 2*i. Let k(z) = 13*z + 1 - z + 6 + z**i. What is the tens digit of k(-13)?
2
Let a(y) = -83*y - 45. What is the units digit of a(-7)?
6
Let k(l) = -l**3 + 7*l**2 + 5*l - 10. Let f be k(6). Suppose 0 = n - 3*i - f, 4*n + 2*i - 124 = n. What is the tens digit of n?
4
Suppose 0 = 4*z - 705 + 185. Suppose y + 17 - z = 0. Let n = 159 - y. What is the tens digit of n?
4
Let c = -63 - -66. What is the units digit of ((0 - c) + 1)*-11?
2
Suppose 3*u - 516 = -3*y - 0*u, 2*y - 2*u = 328. Let a = -79 + y. What is the tens digit of a?
8
Let a(z) = 2*z**2 - 9*z - 75. What is the units digit of a(-8)?
5
Let r = 12 - 12. Suppose a + 2*a - 9 = r. Suppose -a*o = -5*g - 15 - 16, 5*o - 4*g = 69. What is the tens digit of o?
1
Let d(b) = b**3 + 16*b**2 + 15*b + 3. Let j be d(-15). Let f(q) = -1 - 2 - 2 + j*q. What is the tens digit of f(11)?
2
Suppose -10629 + 79816 = 43*b. What is the tens digit of b?
0
Let l(k) = -1 + 43*k**2 + 12*k**2 + 2 + 0. What is the tens digit of l(-1)?
5
Let c(t) be the third derivative of 3*t**4 - 2*t**3/3 - t**2. Let p be c(-5). What is the units digit of p/(-169) - (-4)/(-26)?
2
Let f be (-25)/(-5) - 4 - -11. What is the hundreds digit of (-714)/f*(-24)/7?
2
Let u = 541 - 264. What is the tens digit of u?
7
Suppose -5*k = 4*s - 1363, 2*k + 1373 = 4*s - 3*k. Let n = s + -163. What is the units digit of n?
9
Let r = 50 - 45. Suppose 4*d - i - 202 = 0, i = r*d - 2*i - 249. What is the tens digit of d?
5
Let u(f) be the first derivative of -f**4/2 - 5*f**3/3 - 2*f**2 - 5*f + 6. Let r be u(-3). Let b = r - -4. What is the units digit of b?
0
What is the tens digit of (-10)/(-25)*54570/48*8?
3
Let v(q) = -15*q**3 - 10*q**2 - 18*q + 28. What is the thousands digit of v(-5)?
1
Suppose 4*b = 14*b - 21790. What is the tens digit of b?
7
Let o(y) = 63*y + 7. What is the units digit of o(15)?
2
Let t = -24 + 43. Let v = t + -1. What is the units digit of v?
8
Suppose -395 = -2*n - 63. Suppose k - 114 = 4*j - 466, -2*j + n = 2*k. What is the units digit of j?
7
Let j = -179 - -542. Suppose 461 = 5*a + 2*v - j, -8 = -4*v. What is the hundreds digit of a?
1
Suppose 15 - 3 = -2*r. Let t(m) = -10*m - 49. What is the units digit of t(r)?
1
Suppose 7*m - 3*m - 20 = 0. Let p = m + -10. Let z = 11 + p. What is the units digit of z?
6
Let g = -16 - -13. Let z be 8 - g/6*2. Let y(v) = 3*v**2 - 20*v - 4. What is the units digit of y(z)?
9
Let k be (-6)/(-14) - 0 - (-36)/14. Suppose 0 = -3*z + 3*r + 345, -7*z + 485 = -k*z + r. What is the tens digit of z?
2
Suppose -7 = 3*f + 5. Let p(k) = k**2 + 4*k + 3. Let q be p(f). Suppose -j = q*j - 32. What is the units digit of j?
8
Suppose 4*w = -w + 15. Let h = 7 - w. Suppose h*c = 24 + 32. What is the tens digit of c?
1
Suppose -4*h + 6 = -2*c, -h - 2*h + 2*c + 4 = 0. Suppose -5*u - 10 = -6*u. Let q = h + u. What is the tens digit of q?
1
Suppose 0*l + 58 = 2*l. Suppose -l = 3*p - 20. What is the tens digit of (-12)/p - (-21 + -5)?
3
Let q(d) = 7*d**2 + 13*d + 26. What is the hundreds digit of q(-16)?
6
Suppose n - 3*w = 495, 3*n - 1505 = -w - 0*w. Let i = n + -288. What is the hundreds digit of i?
2
Suppose -43*t - 16 = -41*t. What is the tens digit of 1*1288/t*(2 + -3)?
6
What is the units digit of ((-16412)/(-198))/(1/9)?
6
Let w be (-2 - -2)/(5 + -4). Suppos